{"id":116,"date":"2026-02-17T22:58:19","date_gmt":"2026-02-17T21:58:19","guid":{"rendered":"http:\/\/proba.grilluxe.pl\/?page_id=116"},"modified":"2026-02-17T22:58:19","modified_gmt":"2026-02-17T21:58:19","slug":"o-mnie","status":"publish","type":"page","link":"https:\/\/monikafraczek.pl\/?page_id=116","title":{"rendered":"O mnie"},"content":{"rendered":"\t\t<div data-elementor-type=\"wp-page\" data-elementor-id=\"116\" class=\"elementor elementor-116\">\n\t\t\t\t<div class=\"elementor-element elementor-element-70b0d31 e-flex e-con-boxed e-con e-parent\" data-id=\"70b0d31\" data-element_type=\"container\" data-e-type=\"container\">\n\t\t\t\t\t<div class=\"e-con-inner\">\n\t\t\t\t<div class=\"elementor-element elementor-element-3553e77 elementor-widget elementor-widget-heading\" data-id=\"3553e77\" data-element_type=\"widget\" data-e-type=\"widget\" data-widget_type=\"heading.default\">\n\t\t\t\t\t<h2 class=\"elementor-heading-title elementor-size-default\">Jestem tw\u00f3rczyni\u0105 nowoczesnych stron internetowych, kt\u00f3re \u0142\u0105cz\u0105 estetyk\u0119 z realnym podej\u015bciem do sprzeda\u017cy. Skupiam si\u0119 na projektowaniu stron, kt\u00f3re nie tylko dobrze wygl\u0105daj\u0105, ale przede wszystkim wspieraj\u0105 rozw\u00f3j biznesu.<br>\n\nKa\u017cdy projekt traktuj\u0119 indywidualnie \u2013 analizuj\u0119 potrzeby firmy, jej klient\u00f3w i cele, kt\u00f3re ma osi\u0105gn\u0105\u0107. Stawiam na przejrzysto\u015b\u0107, funkcjonalno\u015b\u0107 i rozwi\u0105zania dopasowane do dzisiejszego rynku online.<br>\n\nRozwijam swoje kompetencje w zakresie UX, SEO i marketingu internetowego, aby dostarcza\u0107 rozwi\u0105zania na wysokim poziomie ju\u017c od pierwszej realizacji.\n<br>\nJe\u015bli szukasz osoby zaanga\u017cowanej, komunikatywnej i nastawionej na efekt \u2013 jeste\u015b w dobrym miejscu.\n<\/h2>\t\t\t\t<\/div>\n\t\t\t\t\t<\/div>\n\t\t\t\t<\/div>\n\t\t\t\t<\/div>\n\t\t","protected":false},"excerpt":{"rendered":"<p>Jestem tw\u00f3rczyni\u0105 nowoczesnych stron internetowych, kt\u00f3re \u0142\u0105cz\u0105 estetyk\u0119 z realnym podej\u015bciem do sprzeda\u017cy. Skupiam si\u0119 na projektowaniu stron, kt\u00f3re nie [&hellip;]<\/p>\n","protected":false},"author":1,"featured_media":0,"parent":0,"menu_order":0,"comment_status":"closed","ping_status":"closed","template":"","meta":{"site-sidebar-layout":"no-sidebar","site-content-layout":"","ast-site-content-layout":"full-width-container","site-content-style":"default","site-sidebar-style":"default","ast-global-header-display":"","ast-banner-title-visibility":"","ast-main-header-display":"","ast-hfb-above-header-display":"","ast-hfb-below-header-display":"","ast-hfb-mobile-header-display":"","site-post-title":"disabled","ast-breadcrumbs-content":"","ast-featured-img":"disabled","footer-sml-layout":"","ast-disable-related-posts":"","theme-transparent-header-meta":"","adv-header-id-meta":"","stick-header-meta":"","header-above-stick-meta":"","header-main-stick-meta":"","header-below-stick-meta":"","astra-migrate-meta-layouts":"default","ast-page-background-enabled":"default","ast-page-background-meta":{"desktop":{"background-color":"var(--ast-global-color-5)","background-image":"","background-repeat":"repeat","background-position":"center center","background-size":"auto","background-attachment":"scroll","background-type":"","background-media":"","overlay-type":"","overlay-color":"","overlay-opacity":"","overlay-gradient":""},"tablet":{"background-color":"","background-image":"","background-repeat":"repeat","background-position":"center center","background-size":"auto","background-attachment":"scroll","background-type":"","background-media":"","overlay-type":"","overlay-color":"","overlay-opacity":"","overlay-gradient":""},"mobile":{"background-color":"","background-image":"","background-repeat":"repeat","background-position":"center center","background-size":"auto","background-attachment":"scroll","background-type":"","background-media":"","overlay-type":"","overlay-color":"","overlay-opacity":"","overlay-gradient":""}},"ast-content-background-meta":{"desktop":{"background-color":"var(--ast-global-color-4)","background-image":"","background-repeat":"repeat","background-position":"center center","background-size":"auto","background-attachment":"scroll","background-type":"","background-media":"","overlay-type":"","overlay-color":"","overlay-opacity":"","overlay-gradient":""},"tablet":{"background-color":"var(--ast-global-color-4)","background-image":"","background-repeat":"repeat","background-position":"center center","background-size":"auto","background-attachment":"scroll","background-type":"","background-media":"","overlay-type":"","overlay-color":"","overlay-opacity":"","overlay-gradient":""},"mobile":{"background-color":"var(--ast-global-color-4)","background-image":"","background-repeat":"repeat","background-position":"center center","background-size":"auto","background-attachment":"scroll","background-type":"","background-media":"","overlay-type":"","overlay-color":"","overlay-opacity":"","overlay-gradient":""}},"two_page_speed":[],"footnotes":""},"class_list":["post-116","page","type-page","status-publish","hentry"],"_links":{"self":[{"href":"https:\/\/monikafraczek.pl\/index.php?rest_route=\/wp\/v2\/pages\/116","targetHints":{"allow":["GET"]}}],"collection":[{"href":"https:\/\/monikafraczek.pl\/index.php?rest_route=\/wp\/v2\/pages"}],"about":[{"href":"https:\/\/monikafraczek.pl\/index.php?rest_route=\/wp\/v2\/types\/page"}],"author":[{"embeddable":true,"href":"https:\/\/monikafraczek.pl\/index.php?rest_route=\/wp\/v2\/users\/1"}],"replies":[{"embeddable":true,"href":"https:\/\/monikafraczek.pl\/index.php?rest_route=%2Fwp%2Fv2%2Fcomments&post=116"}],"version-history":[{"count":0,"href":"https:\/\/monikafraczek.pl\/index.php?rest_route=\/wp\/v2\/pages\/116\/revisions"}],"wp:attachment":[{"href":"https:\/\/monikafraczek.pl\/index.php?rest_route=%2Fwp%2Fv2%2Fmedia&parent=116"}],"curies":[{"name":"wp","href":"https:\/\/api.w.org\/{rel}","templated":true}]}}